{"id":537,"date":"2016-10-24T03:52:14","date_gmt":"2016-10-24T03:52:14","guid":{"rendered":"https:\/\/www.mfp.econo.unlp.edu.ar\/?page_id=537"},"modified":"2022-11-02T16:27:46","modified_gmt":"2022-11-02T16:27:46","slug":"alumnos","status":"publish","type":"page","link":"https:\/\/www.mfp.econo.unlp.edu.ar\/index.php\/alumnos\/","title":{"rendered":"ALUMNOS"},"content":{"rendered":"<p>[vc_row][vc_column css=\u00bb.vc_custom_1478140103977{background: #ededed url(https:\/\/www.mfp.econo.unlp.edu.ar\/wp-content\/uploads\/2016\/10\/header-general-lista.jpg?id=613) !important;}\u00bb]<div class=\"dt-title-wrapper\"><h1 class=\"section-title\">ALUMNOS<\/h1><\/div>[\/vc_column][\/vc_row][vc_row][vc_column]<div style=\"clear:both; width:100%; height:60px\"><\/div>[\/vc_column][\/vc_row][vc_row][vc_column width=\u00bb1\/3&#8243;][vc_column_text]<\/p>\n<h3 style=\"padding-left: 60px;\"><strong><span style=\"color: #000000;\">REQUISITOS<\/span><\/strong><\/h3>\n<p>[\/vc_column_text][vc_column_text]<\/p>\n<blockquote>\n<p style=\"text-align: justify;\"><span style=\"color: #000000;\">Los postulantes deber\u00e1n satisfacer los siguientes requisitos:<\/span><br \/>\n<span style=\"color: #000000;\">a) Ser graduado de universidad nacional o privada reconocida, de una carrera cuya duraci\u00f3n no sea inferior a cuatro a\u00f1os.<\/span><br \/>\n<span style=\"color: #000000;\">b) Presentar junto con la solicitud de inscripci\u00f3n y la documentaci\u00f3n personal del aspirante, dos cartas confidenciales de referencias donde se detallen las condiciones del postulante. Dichas cartas deber\u00e1n ser enviadas directamente a la Maestr\u00eda por los referencistas.<\/span><\/p>\n<\/blockquote>\n<p>[\/vc_column_text][\/vc_column][vc_column width=\u00bb1\/3&#8243;][vc_column_text]<\/p>\n<h3 style=\"padding-left: 60px;\"><strong><span style=\"color: #000000;\">ADMISI\u00d3N<\/span><\/strong><\/h3>\n<p>[\/vc_column_text][vc_column_text]<\/p>\n<blockquote>\n<p style=\"text-align: justify;\"><span style=\"color: #000000;\">El comit\u00e9 de admisi\u00f3n decidir\u00e1 la aceptaci\u00f3n de los aspirantes en funci\u00f3n de:<\/span><\/p>\n<ul>\n<li style=\"text-align: justify;\"><span style=\"color: #000000;\">Antecedentes acad\u00e9micos.<\/span><\/li>\n<li style=\"text-align: justify;\"><span style=\"color: #000000;\">Antecedentes profesionales.<\/span><\/li>\n<li style=\"text-align: justify;\"><span style=\"color: #000000;\">Cartas de referencia.<\/span><\/li>\n<\/ul>\n<p style=\"text-align: justify;\"><span style=\"color: #000000;\">En los casos que se determine, la realizaci\u00f3n de los cursos nivelatorios previsto en la curr\u00edcula de la Maestr\u00eda.<\/span><\/p>\n<\/blockquote>\n<p>[\/vc_column_text][\/vc_column][vc_column width=\u00bb1\/3&#8243; css=\u00bb.vc_custom_1478139746290{margin-right: 40px !important;}\u00bb]<\/p>\n<p>[vc_cta h2=\u00bbINSCRIPCI\u00d3N\u00bb add_button=\u00bbbottom\u00bb btn_title=\u00bbINSCRIBIRME\u00bb btn_color=\u00bbjuicy-pink\u00bb btn_i_icon_fontawesome=\u00bbfa fa-external-link\u00bb btn_add_icon=\u00bbtrue\u00bb css=\u00bb.vc_custom_1478139796303{margin-right: 40px !important;}\u00bb btn_link=\u00bburl:https%3A%2F%2Fwww.mfp.econo.unlp.edu.ar%2Findex.php%2Falumnos%2Finscripcion%2F||\u00bb][\/vc_cta]<\/p>\n<p>[vc_cta h2=\u00bbCONSTANCIA DE ASISTENCIA\u00bb add_button=\u00bbbottom\u00bb btn_title=\u00bbDESCARGAR\u00bb btn_color=\u00bbjuicy-pink\u00bb btn_i_icon_fontawesome=\u00bbfa fa-external-link\u00bb btn_add_icon=\u00bbtrue\u00bb css=\u00bb.vc_custom_1478139796303{margin-right: 40px !important;}\u00bb btn_link=\u00bburl:https%3A%2F%2Fwww.mfp.econo.unlp.edu.ar%2Fwp-content%2Fuploads%2F2019%2F12%2FConstancia-de-asistencia.docx||\u00bb][\/vc_cta]<\/p>\n<p>[vc_cta h2=\u00bbM\u00c1S INFORMACI\u00d3N\u00bb add_button=\u00bbbottom\u00bb btn_title=\u00bbCONTACTO\u00bb btn_color=\u00bbjuicy-pink\u00bb btn_i_icon_fontawesome=\u00bbfa fa-external-link\u00bb btn_add_icon=\u00bbtrue\u00bb css=\u00bb.vc_custom_1478139796303{margin-right: 40px !important;}\u00bb btn_link=\u00bburl:https%3A%2F%2Fwww.mfp.econo.unlp.edu.ar%2F#Contacto||\u00bb][\/vc_cta]<\/p>\n<p>[\/vc_column][\/vc_row]<\/p>\n","protected":false},"excerpt":{"rendered":"<p>[vc_row][vc_column css=\u00bb.vc_custom_1478140103977{background: #ededed url(https:\/\/www.mfp.econo.unlp.edu.ar\/wp-content\/uploads\/2016\/10\/header-general-lista.jpg?id=613) !important;}\u00bb][\/vc_column][\/vc_row][vc_row][vc_column][\/vc_column][\/vc_row][vc_row][vc_column width=\u00bb1\/3&#8243;][vc_column_text] REQUISITOS [\/vc_column_text][vc_column_text] Los postulantes deber\u00e1n satisfacer los siguientes requisitos: a) Ser graduado de universidad nacional o privada reconocida, de&#8230;<\/p>\n<p class=\"readmore\"><a class=\"more-btn\" href=\"https:\/\/www.mfp.econo.unlp.edu.ar\/index.php\/alumnos\/\">Ver<\/a><\/p>\n","protected":false},"author":1,"featured_media":0,"parent":0,"menu_order":0,"comment_status":"closed","ping_status":"closed","template":"template-homepage.php","meta":{"jetpack_post_was_ever_published":false},"jetpack_sharing_enabled":true,"jetpack_shortlink":"https:\/\/wp.me\/P86ov1-8F","_links":{"self":[{"href":"https:\/\/www.mfp.econo.unlp.edu.ar\/index.php\/wp-json\/wp\/v2\/pages\/537"}],"collection":[{"href":"https:\/\/www.mfp.econo.unlp.edu.ar\/index.php\/wp-json\/wp\/v2\/pages"}],"about":[{"href":"https:\/\/www.mfp.econo.unlp.edu.ar\/index.php\/wp-json\/wp\/v2\/types\/page"}],"author":[{"embeddable":true,"href":"https:\/\/www.mfp.econo.unlp.edu.ar\/index.php\/wp-json\/wp\/v2\/users\/1"}],"replies":[{"embeddable":true,"href":"https:\/\/www.mfp.econo.unlp.edu.ar\/index.php\/wp-json\/wp\/v2\/comments?post=537"}],"version-history":[{"count":15,"href":"https:\/\/www.mfp.econo.unlp.edu.ar\/index.php\/wp-json\/wp\/v2\/pages\/537\/revisions"}],"predecessor-version":[{"id":1908,"href":"https:\/\/www.mfp.econo.unlp.edu.ar\/index.php\/wp-json\/wp\/v2\/pages\/537\/revisions\/1908"}],"wp:attachment":[{"href":"https:\/\/www.mfp.econo.unlp.edu.ar\/index.php\/wp-json\/wp\/v2\/media?parent=537"}],"curies":[{"name":"wp","href":"https:\/\/api.w.org\/{rel}","templated":true}]}}