{"id":663,"date":"2016-10-29T18:47:59","date_gmt":"2016-10-29T18:47:59","guid":{"rendered":"https:\/\/www.mfp.econo.unlp.edu.ar\/?page_id=663"},"modified":"2022-11-03T14:44:18","modified_gmt":"2022-11-03T14:44:18","slug":"testimonios","status":"publish","type":"page","link":"https:\/\/www.mfp.econo.unlp.edu.ar\/index.php\/alumnos\/testimonios\/","title":{"rendered":"TESTIMONIOS"},"content":{"rendered":"<p>[vc_row][vc_column css=\u00bb.vc_custom_1477767659324{background: #ededed url(https:\/\/www.mfp.econo.unlp.edu.ar\/wp-content\/uploads\/2016\/10\/header-general-lista.jpg?id=613) !important;}\u00bb]<div class=\"dt-title-wrapper\"><h1 class=\"section-title\">TESTIMONIOS<\/h1><\/div>[\/vc_column][\/vc_row][vc_row][vc_column]<div style=\"clear:both; width:100%; height:60px\"><\/div>[\/vc_column][\/vc_row][vc_row full_height=\u00bbyes\u00bb][vc_column][vc_column_text]<\/p>\n<blockquote><p>\u00abLo que m\u00e1s destaco de la Maestr\u00eda es que lo explicado durante las clases no queda en conceptos te\u00f3ricos, sino que es llevado a hechos reales\u201d. \u201cDe m\u00e1s est\u00e1 decir algo acerca del profesionalismo y desempe\u00f1o de cada uno de los docentes\u00bb.<\/p>\n<p><strong><span style=\"color: #e1472f;\">Thomas Garcia <\/span><\/strong>&#8211;\u00a0<strong><span style=\"color: #000000;\">Promoci\u00f3n 25\u00ba<\/span><\/strong><\/p><\/blockquote>\n<p>[\/vc_column_text][vc_column_text]<\/p>\n<blockquote><p>\u00abLa Maestr\u00eda me ha permitido alcanzar un crecimiento profesional muy grande en t\u00e9rminos de nuevos conocimientos y enfoques. Celebro la predisposici\u00f3n que han tenido los docentes de acompa\u00f1ar el proceso de aprendizaje\u00bb.<\/p>\n<p><strong><span style=\"color: #e1472f;\">Agustina Romero <\/span><\/strong>&#8211;\u00a0<strong><span style=\"color: #000000;\">Promoci\u00f3n 25\u00ba<\/span><\/strong><\/p><\/blockquote>\n<p>[\/vc_column_text][vc_column_text]<\/p>\n<blockquote><p>\u00abEs de destacar el nivel acad\u00e9mico de los docentes al igual que su compromiso e interacci\u00f3n con los alumnos. Personalmente por ser estudiante extranjera me brindaron las herramientas necesarias, generando un espacio propicio y de confianza para el debate, con un adecuado equilibrio entre la teor\u00eda econ\u00f3mica, la estructuraci\u00f3n en m\u00e9todos emp\u00edricos y cuantitativos que me ayudaron a formar un pensamiento amplio y cr\u00edtico para abordar distintas problem\u00e1ticas nacionales e internacionales de temas econ\u00f3micos y financieros reales\u00bb.<\/p>\n<p><strong><span style=\"color: #e1472f;\">Mildeth Mojica Sep\u00edlveda\u00a0<\/span><\/strong>&#8211;\u00a0<strong><span style=\"color: #000000;\">Promoci\u00f3n 22\u00ba<\/span><\/strong><\/p><\/blockquote>\n<p>[\/vc_column_text][vc_column_text]<\/p>\n<blockquote><p>\u00abMi experiencia en la maestr\u00eda en Finanzas Publicas Provinciales y Municipales de la Universidad Nacional de La Plata fue altamente exitosa no solo a nivel acad\u00e9mico sino tambi\u00e9n humano. Me llevo herramientas y conocimientos\u00a0 que me permitir\u00e1n liderar, gerenciar y ser protagonista dentro del sector nacional e internacional.<br \/>\nQuiero agradecer a cada uno de los directivos y profesores por brindarnos sus conocimientos y acompa\u00f1arnos en cada paso de este camino. En especial a mi tutor Walter Rosales, por ser un pilar muy importante en el desarrollo de mi trabajo de tesis.<br \/>\nMe siento muy \u00a0agradecido y orgulloso de ser egresado de una instituci\u00f3n tan prestigiosa que se encuentra entre las mejores de Latinoam\u00e9rica\u00bb.<\/p>\n<p><strong><span style=\"color: #e1472f;\"><em>Exer Dume\u00a0<\/em><\/span><\/strong>&#8211;\u00a0<strong><span style=\"color: #000000;\">Promoci\u00f3n 20\u00ba<\/span><\/strong><\/p><\/blockquote>\n<p>[\/vc_column_text][vc_column_text]<\/p>\n<blockquote><p>\u00abDurante la maestr\u00eda se cubren diversos temas muy actuales vinculados a las finanzas p\u00fablicas y, como hay cursos optativos, es posible adecuar el plan de estudios a los intereses de cada uno.<br \/>\nSe brindan conocimientos no solo para aquellos interesados en pol\u00edticas p\u00fablicas desde la teor\u00eda, sino tambi\u00e9n desde el abordaje de problemas, entendiendo sus distintas aristas y adquiriendo herramientas pr\u00e1cticas y computacionales para su estudio.<br \/>\nEl cuerpo docente es de alt\u00edsima calidad a nivel acad\u00e9mico, profesional y personal. Esto hace que participar de las clases no solo sea enriquecedor, ya que representa una oportunidad de aprender e intercambiar con expertos en los distintos temas, sino que adem\u00e1s sea muy motivante\u00bb.<\/p>\n<p><strong><span style=\"color: #e1472f;\"><em>Carolina Garcia\u00a0<\/em><\/span><\/strong>&#8211;\u00a0<strong><span style=\"color: #000000;\">Promoci\u00f3n 24\u00ba<\/span><\/strong><\/p><\/blockquote>\n<p>[\/vc_column_text][vc_column_text]<\/p>\n<blockquote><p><span style=\"color: #000000;\">\u00abLa Maestr\u00eda me ha permitido reforzar conceptos te\u00f3ricos, ampliar mi conocimiento de casos pr\u00e1cticos y, sobre todo, debatir distintos enfoques sobre los diferentes problemas que hacen a la Econom\u00eda del Sector P\u00fablico.\u00bb \u00a0<\/span><strong><a href=\"https:\/\/www.mfp.econo.unlp.edu.ar\/index.php\/entrevista-dalmiro-moran\/\">Ver\u00a0entrevista completa<\/a><\/strong><\/p>\n<p><strong><span style=\"color: #e1472f;\">Dalmiro Mor\u00e1n<\/span><\/strong> &#8211;<strong><span style=\"color: #000000;\">\u00a0Promoci\u00f3n 20\u00ba<\/span><\/strong><\/p><\/blockquote>\n<p>[\/vc_column_text][vc_column_text]<\/p>\n<blockquote><p>\u00abLos profesores ponen el m\u00e1ximo esfuerzo para poder hacer llegar su conocimiento\u00bb.<br \/>\n\u00abUno de los puntos importantes y enriquecedores de la Maestr\u00eda es que nos ponen al alcance profesionales de alt\u00edsimo nivel con los que podemos interactuar\u00bb.<\/p>\n<p><strong><span style=\"color: #e1472f;\">Cristopher Vargas<\/span><\/strong> &#8211;\u00a0<strong><span style=\"color: #000000;\">Promoci\u00f3n 21\u00ba<\/span><\/strong><\/p><\/blockquote>\n<p>[\/vc_column_text][vc_column_text]<\/p>\n<blockquote><p>\u00abEsta Maestr\u00eda te deja un mar de conocimiento que te permite desenvolverte en el sector p\u00fablico y privado\u00bb.<br \/>\n\u00abProfesionales y docentes muy bien preparados, a la expectativa de todo lo que sucede en el pa\u00eds a nivel micro y macro\u00bb.<\/p>\n<p><strong><span style=\"color: #e1472f;\">\u00c1lvaro Escorcia<\/span><\/strong> &#8211;\u00a0 <strong><span style=\"color: #000000;\">Promoci\u00f3n 22\u00ba<\/span><\/strong><\/p><\/blockquote>\n<p>[\/vc_column_text][\/vc_column][\/vc_row][vc_row][vc_column width=\u00bb1\/2&#8243; css=\u00bb.vc_custom_1478788037629{margin-right: 0px !important;margin-left: 65px !important;padding-right: 20px !important;padding-left: 20px !important;background-color: #d4d4d4 !important;}\u00bb][vc_column_text css=\u00bb.vc_custom_1478787952257{padding-right: 0px !important;padding-left: 0px !important;}\u00bb]<strong>Entrevista radial a Cristopher Vargas y \u00c1lvaro Escorcia<\/strong><\/p>\n<!--[if lt IE 9]><script>document.createElement('audio');<\/script><![endif]-->\n<audio class=\"wp-audio-shortcode\" id=\"audio-663-1\" preload=\"none\" style=\"width: 100%;\" controls=\"controls\"><source type=\"audio\/mpeg\" src=\"https:\/\/www.mfp.econo.unlp.edu.ar\/wp-content\/uploads\/2016\/11\/listo-MFP-en-Eco-de-Radio.mp3?_=1\" \/><a href=\"https:\/\/www.mfp.econo.unlp.edu.ar\/wp-content\/uploads\/2016\/11\/listo-MFP-en-Eco-de-Radio.mp3\">https:\/\/www.mfp.econo.unlp.edu.ar\/wp-content\/uploads\/2016\/11\/listo-MFP-en-Eco-de-Radio.mp3<\/a><\/audio>\n<p>Eco de Radio &#8211; Radio Universidad\u00a0AM 1390 \/ FM 107.5 &#8211;\u00a0Santiago Barcos[\/vc_column_text][\/vc_column][vc_column width=\u00bb1\/2&#8243;][\/vc_column][\/vc_row]<\/p>\n","protected":false},"excerpt":{"rendered":"<p>[vc_row][vc_column css=\u00bb.vc_custom_1477767659324{background: #ededed url(https:\/\/www.mfp.econo.unlp.edu.ar\/wp-content\/uploads\/2016\/10\/header-general-lista.jpg?id=613) !important;}\u00bb][\/vc_column][\/vc_row][vc_row][vc_column][\/vc_column][\/vc_row][vc_row full_height=\u00bbyes\u00bb][vc_column][vc_column_text] \u00abLo que m\u00e1s destaco de la Maestr\u00eda es que lo explicado durante las clases no queda en conceptos te\u00f3ricos,&#8230;<\/p>\n<p class=\"readmore\"><a class=\"more-btn\" href=\"https:\/\/www.mfp.econo.unlp.edu.ar\/index.php\/alumnos\/testimonios\/\">Ver<\/a><\/p>\n","protected":false},"author":1,"featured_media":0,"parent":537,"menu_order":0,"comment_status":"closed","ping_status":"closed","template":"template-homepage.php","meta":{"jetpack_post_was_ever_published":false},"jetpack_sharing_enabled":true,"jetpack_shortlink":"https:\/\/wp.me\/P86ov1-aH","_links":{"self":[{"href":"https:\/\/www.mfp.econo.unlp.edu.ar\/index.php\/wp-json\/wp\/v2\/pages\/663"}],"collection":[{"href":"https:\/\/www.mfp.econo.unlp.edu.ar\/index.php\/wp-json\/wp\/v2\/pages"}],"about":[{"href":"https:\/\/www.mfp.econo.unlp.edu.ar\/index.php\/wp-json\/wp\/v2\/types\/page"}],"author":[{"embeddable":true,"href":"https:\/\/www.mfp.econo.unlp.edu.ar\/index.php\/wp-json\/wp\/v2\/users\/1"}],"replies":[{"embeddable":true,"href":"https:\/\/www.mfp.econo.unlp.edu.ar\/index.php\/wp-json\/wp\/v2\/comments?post=663"}],"version-history":[{"count":20,"href":"https:\/\/www.mfp.econo.unlp.edu.ar\/index.php\/wp-json\/wp\/v2\/pages\/663\/revisions"}],"predecessor-version":[{"id":1921,"href":"https:\/\/www.mfp.econo.unlp.edu.ar\/index.php\/wp-json\/wp\/v2\/pages\/663\/revisions\/1921"}],"up":[{"embeddable":true,"href":"https:\/\/www.mfp.econo.unlp.edu.ar\/index.php\/wp-json\/wp\/v2\/pages\/537"}],"wp:attachment":[{"href":"https:\/\/www.mfp.econo.unlp.edu.ar\/index.php\/wp-json\/wp\/v2\/media?parent=663"}],"curies":[{"name":"wp","href":"https:\/\/api.w.org\/{rel}","templated":true}]}}