{"id":720,"date":"2016-10-29T21:12:38","date_gmt":"2016-10-29T21:12:38","guid":{"rendered":"https:\/\/www.mfp.econo.unlp.edu.ar\/?page_id=720"},"modified":"2023-04-04T12:08:06","modified_gmt":"2023-04-04T12:08:06","slug":"presentaciones-en-congresos","status":"publish","type":"page","link":"https:\/\/www.mfp.econo.unlp.edu.ar\/index.php\/cefip\/presentaciones-en-congresos\/","title":{"rendered":"PRESENTACIONES EN CONGRESOS"},"content":{"rendered":"<p>[vc_row][vc_column css=\u00bb.vc_custom_1477767659324{background: #ededed url(https:\/\/www.mfp.econo.unlp.edu.ar\/wp-content\/uploads\/2016\/10\/header-general-lista.jpg?id=613) !important;}\u00bb]<div class=\"dt-title-wrapper\"><h1 class=\"section-title\">CENTRO DE ESTUDIOS EN FINANZAS P\u00daBLICAS<\/h1><\/div>[\/vc_column][\/vc_row][vc_row][vc_column css=\u00bb.vc_custom_1477776739589{background-color: #3c3c3c !important;}\u00bb][vc_column_text]<\/p>\n<h1 style=\"text-align: center;\"><span style=\"color: #ffffff;\">PRESENTACIONES EN CONGRESOS<\/span><\/h1>\n<p>[\/vc_column_text][\/vc_column][\/vc_row][vc_row][vc_column css=\u00bb.vc_custom_1477779785577{background-color: #ffffff !important;}\u00bb][vc_tta_accordion][vc_tta_section title=\u00bb2015&#8243; tab_id=\u00bb1477777909805-c9a5cb43-7991&#8243;][vc_column_text]<\/p>\n<h4><strong>48 Jornadas Internacionales de Finanzas P\u00fablicas, Universidad Nacional de C\u00f3rdoba, 16-18 de septiembre de 2015<\/strong><\/h4>\n<p>[\/vc_column_text][vc_column_text]<\/p>\n<blockquote><p><span style=\"color: #000000;\">Dr. Horacio Piffano, Lic. Leandro Salinardi y Dr. Juan Ignacio Zoloa. <a href=\"https:\/\/www.mfp.econo.unlp.edu.ar\/wp-content\/uploads\/2016\/10\/Piffano-Salinardi-Zoloa-2015.pdf\" target=\"_blank\" rel=\"noopener\">\u00abEl r\u00e9gimen republicano, la autonom\u00eda del poder judicial y las finanzas p\u00fablicas\u00bb<\/a>.<\/span><\/p>\n<p><span style=\"color: #000000;\">Mg. Jorge Puig y Lic. Leandro Salinardi. <a href=\"https:\/\/www.mfp.econo.unlp.edu.ar\/wp-content\/uploads\/2016\/10\/Puig-Salinardi-2015.pdf\" target=\"_blank\" rel=\"noopener\">\u00abArgentina y los subsidios a los servicios p\u00fablicos: un estudio de incidencia distributiva\u00bb<\/a>.<\/span><\/p>\n<p><span style=\"color: #000000;\">Mg. Jorge Puig. <a href=\"https:\/\/www.mfp.econo.unlp.edu.ar\/wp-content\/uploads\/2016\/10\/Puig-2015.pdf\" target=\"_blank\" rel=\"noopener\">\u00abMultiplicador del gasto p\u00fablico en Argentina: nueva estrategia para su estimaci\u00f3n\u00bb<\/a>.<\/span><\/p>\n<p><span style=\"color: #000000;\">Dr. Alberto Porto, Mg. Marcelo Garriga y Mg. Walter Rosales. <a href=\"https:\/\/www.mfp.econo.unlp.edu.ar\/wp-content\/uploads\/2016\/10\/Porto-Garriga-Rosales-2015.pdf\" target=\"_blank\" rel=\"noopener\">\u00abMedidas de desempe\u00f1o y eficiencia en el sector p\u00fablico. Un caso de estudio\u00bb<\/a>.<\/span><\/p>\n<p><span style=\"color: #000000;\">Dr. Walter Cont y Dr. Alberto Porto. <a href=\"https:\/\/www.mfp.econo.unlp.edu.ar\/wp-content\/uploads\/2016\/10\/Cont-Porto-2015.pdf\" target=\"_blank\" rel=\"noopener\">\u00abFiscal policy and income distribution. Argentina 1995-2010\u00bb<\/a>.<\/span><\/p>\n<p><span style=\"color: #000000;\">Mg. Pablo Garriga, Mg Jorge Puig y Lic. Leandro Salinardi. <a href=\"https:\/\/www.mfp.econo.unlp.edu.ar\/wp-content\/uploads\/2016\/10\/Garriga-Puig-Salinardi-2015.pdf\" target=\"_blank\" rel=\"noopener\">\u00abEficiencia y equidad del gasto p\u00fablico en educaci\u00f3n como clave para el desarrollo de las provincias argentinas\u00bb<\/a>.<\/span><\/p>\n<p><span style=\"color: #000000;\">Dra. Natalia Porto, Mg. Walter Rosales y Cr. David Gulayin. <a href=\"https:\/\/www.mfp.econo.unlp.edu.ar\/wp-content\/uploads\/2016\/10\/Porto-Rosales-Gulayin-2015.pdf\" target=\"_blank\" rel=\"noopener\">\u00abCaracterizaci\u00f3n de los gobiernos locales en contextos de descentralizaci\u00f3n fiscal. El caso de la creaci\u00f3n de nuevos municipios\u00bb<\/a>.<\/span><\/p>\n<p><span style=\"color: #000000;\">Mg. M. Noelia Garbero, Dra. Natalia Porto y Mg. Andr\u00e9s Cesar. <a href=\"https:\/\/www.mfp.econo.unlp.edu.ar\/wp-content\/uploads\/2016\/10\/Porto-Rosales-Gulayin-2015-1.pdf\" target=\"_blank\" rel=\"noopener\">\u00abGlobalizaci\u00f3n, Apertura Comercial y Composici\u00f3n Tributaria: Evidencia para Am\u00e9rica Latina\u00bb<\/a>.<\/span><\/p><\/blockquote>\n<p>[\/vc_column_text][\/vc_tta_section][vc_tta_section title=\u00bb2014&#8243; tab_id=\u00bb1477777909807-37ec0c7b-f340&#8243;][vc_column_text]<\/p>\n<h4><strong>47 Jornadas Internacionales de Finanzas P\u00fablicas, Universidad Nacional de C\u00f3rdoba, 17-19 de septiembre de 2014<\/strong><\/h4>\n<p>[\/vc_column_text][vc_column_text]<\/p>\n<blockquote><p>Diego Fern\u00e1ndez Felices, Isidro Guardarucci y Jorge Puig. <a href=\"https:\/\/www.mfp.econo.unlp.edu.ar\/wp-content\/uploads\/2016\/10\/Fernandez-Felices-Guardarucci-Puig-2014.pdf\" target=\"_blank\" rel=\"noopener\">\u00abImpuestos y distribuci\u00f3n del ingreso en Argentina: an\u00e1lisis y propuestas de reforma para el sistema tributario\u00bb<\/a>.<\/p>\n<p>Pablo Garriga y Leandro Salinardi. <a href=\"https:\/\/www.mfp.econo.unlp.edu.ar\/wp-content\/uploads\/2016\/10\/Garriga-Salinardi-2014.pdf\" target=\"_blank\" rel=\"noopener\">\u00abGasto p\u00fablico en educaci\u00f3n en la Argentina: \u00bfqu\u00e9 tan (in)eficientes son las provincias?\u00bb<\/a>.<\/p>\n<p>Horacio L. P. Piffano.<a href=\"https:\/\/www.mfp.econo.unlp.edu.ar\/wp-content\/uploads\/2016\/10\/Horacio-Piffano-2014.pdf\" target=\"_blank\" rel=\"noopener\"> \u00abRules and enforcement &#8211; 2\u00bb<\/a>.<\/p>\n<p>Santiago D\u00edaz. <a href=\"https:\/\/www.mfp.econo.unlp.edu.ar\/wp-content\/uploads\/2016\/10\/Santiago-Diaz-2014.pdf\" target=\"_blank\" rel=\"noopener\">\u00abLas instituciones y otros determinantes del esfuerzo fiscal de los municipios argentinos\u00bb<\/a>.<\/p><\/blockquote>\n<p>[\/vc_column_text][\/vc_tta_section][\/vc_tta_accordion][\/vc_column][\/vc_row]<\/p>\n","protected":false},"excerpt":{"rendered":"<p>[vc_row][vc_column css=\u00bb.vc_custom_1477767659324{background: #ededed url(https:\/\/www.mfp.econo.unlp.edu.ar\/wp-content\/uploads\/2016\/10\/header-general-lista.jpg?id=613) !important;}\u00bb][\/vc_column][\/vc_row][vc_row][vc_column css=\u00bb.vc_custom_1477776739589{background-color: #3c3c3c !important;}\u00bb][vc_column_text] PRESENTACIONES EN CONGRESOS [\/vc_column_text][\/vc_column][\/vc_row][vc_row][vc_column css=\u00bb.vc_custom_1477779785577{background-color: #ffffff !important;}\u00bb][vc_tta_accordion][vc_tta_section title=\u00bb2015&#8243; tab_id=\u00bb1477777909805-c9a5cb43-7991&#8243;][vc_column_text] 48 Jornadas Internacionales de Finanzas P\u00fablicas, Universidad Nacional&#8230;<\/p>\n<p class=\"readmore\"><a class=\"more-btn\" href=\"https:\/\/www.mfp.econo.unlp.edu.ar\/index.php\/cefip\/presentaciones-en-congresos\/\">Ver<\/a><\/p>\n","protected":false},"author":1,"featured_media":0,"parent":388,"menu_order":0,"comment_status":"closed","ping_status":"closed","template":"template-homepage.php","meta":{"jetpack_post_was_ever_published":false},"jetpack_sharing_enabled":true,"jetpack_shortlink":"https:\/\/wp.me\/P86ov1-bC","_links":{"self":[{"href":"https:\/\/www.mfp.econo.unlp.edu.ar\/index.php\/wp-json\/wp\/v2\/pages\/720"}],"collection":[{"href":"https:\/\/www.mfp.econo.unlp.edu.ar\/index.php\/wp-json\/wp\/v2\/pages"}],"about":[{"href":"https:\/\/www.mfp.econo.unlp.edu.ar\/index.php\/wp-json\/wp\/v2\/types\/page"}],"author":[{"embeddable":true,"href":"https:\/\/www.mfp.econo.unlp.edu.ar\/index.php\/wp-json\/wp\/v2\/users\/1"}],"replies":[{"embeddable":true,"href":"https:\/\/www.mfp.econo.unlp.edu.ar\/index.php\/wp-json\/wp\/v2\/comments?post=720"}],"version-history":[{"count":10,"href":"https:\/\/www.mfp.econo.unlp.edu.ar\/index.php\/wp-json\/wp\/v2\/pages\/720\/revisions"}],"predecessor-version":[{"id":1990,"href":"https:\/\/www.mfp.econo.unlp.edu.ar\/index.php\/wp-json\/wp\/v2\/pages\/720\/revisions\/1990"}],"up":[{"embeddable":true,"href":"https:\/\/www.mfp.econo.unlp.edu.ar\/index.php\/wp-json\/wp\/v2\/pages\/388"}],"wp:attachment":[{"href":"https:\/\/www.mfp.econo.unlp.edu.ar\/index.php\/wp-json\/wp\/v2\/media?parent=720"}],"curies":[{"name":"wp","href":"https:\/\/api.w.org\/{rel}","templated":true}]}}